12 (base 9) to base 8
255
Convert 1 (base 3) to base 12.
1
Convert -81 (base 16) to base 15.
-89
What is -1 (base 5) in base 11?
-1
What is 22 (base 15) in base 11?
2a
What is -2 (base 13) in base 6?
-2
Convert 0 (base 3) to base 15.
0
-13 (base 7) to base 10
-10
-2 (base 16) to base 7
-2
What is -203 (base 4) in base 3?
-1022
What is -146 (base 10) in base 2?
-10010010
0 (base 6) to base 12
0
What is 65 (base 9) in base 10?
59
-5 (base 7) to base 2
-101
Convert 1 (base 5) to base 2.
1
Convert -170 (base 12) to base 14.
-124
Convert 1121 (base 3) to base 12.
37
What is b (base 14) in base 15?
b
What is 3 (base 15) in base 3?
10
-1 (base 5) to base 8
-1
What is -5 (base 12) in base 3?
-12
Convert -11 (base 6) to base 7.
-10
1 (base 4) to base 5
1
Convert -4c (base 16) to base 4.
-1030
1 (base 3) to base 7
1
What is 7 (base 10) in base 3?
21
-2 (base 5) to base 6
-2
What is -61 (base 12) in base 2?
-1001001
What is -11 (base 2) in base 12?
-3
Convert 4 (base 10) to base 14.
4
111001 (base 2) to base 16
39
Convert 2 (base 7) to base 15.
2
What is -15 (base 10) in base 4?
-33
What is -c (base 13) in base 11?
-11
What is -121 (base 4) in base 11?
-23
What is 21 (base 4) in base 16?
9
Convert -210 (base 3) to base 15.
-16
-134 (base 9) to base 8
-160
What is -3 (base 9) in base 13?
-3
Convert -3 (base 8) to base 13.
-3
Convert -2142 (base 5) to base 11.
-250
What is 204 (base 6) in base 15?
51
Convert -c (base 14) to base 3.
-110
Convert 101 (base 7) to base 9.
55
-100 (base 2) to base 4
-10
What is -a (base 15) in base 3?
-101
What is -14 (base 7) in base 5?
-21
Convert -31 (base 12) to base 2.
-100101
Convert 21 (base 8) to base 3.
122
6 (base 8) to base 16
6
Convert -35 (base 11) to base 2.
-100110
-13 (base 10) to base 9
-14
-443 (base 8) to base 7
-564
Convert 2 (base 10) to base 7.
2
10 (base 3) to base 16
3
Convert -6 (base 8) to base 6.
-10
Convert 4 (base 14) to base 8.
4
Convert 21 (base 13) to base 11.
25
Convert -2a (base 11) to base 15.
-22
Convert -80 (base 9) to base 16.
-48
44 (base 11) to base 3
1210
16 (base 9) to base 10
15
What is 58 (base 13) in base 3?
2201
-19 (base 13) to base 11
-20
-1a8 (base 14) to base 3
-110202
Convert -16 (base 7) to base 14.
-d
-22 (base 3) to base 15
-8
What is 0 (base 12) in base 4?
0
What is 0 (base 11) in base 10?
0
-1 (base 11) to base 15
-1
What is -114 (base 11) in base 7?
-253
What is -2 (base 7) in base 8?
-2
Convert 21 (base 3) to base 4.
13
What is -6 (base 15) in base 3?
-20
What is 6 (base 16) in base 5?
11
What is 1101 (base 4) in base 13?
63
Convert 3014 (base 5) to base 12.
280
Convert -2 (base 10) to base 12.
-2
142 (base 6) to base 15
42
Convert 2 (base 5) to base 15.
2
What is 0 (base 15) in base 7?
0
Convert -211 (base 5) to base 11.
-51
Convert -1000 (base 3) to base 16.
-1b
Convert -6 (base 12) to base 6.
-10
1 (base 11) to base 10
1
Convert 3 (base 6) to base 10.
3
What is 226 (base 8) in base 16?
96
What is 2031 (base 4) in base 10?
141
What is -5 (base 7) in base 10?
-5
-110001 (base 2) to base 8
-61
What is 15 (base 7) in base 13?
c
What is -5 (base 12) in base 10?
-5
Convert 33 (base 16) to base 4.
303
What is 0 (base 2) in base 13?
0
45 (base 13) to base 6
133
-23 (base 4) to base 8
-13
283 (base 11) to base 10
333
What is 20 (base 5) in base 2?
1010
-140 (base 5) to base 13
-36
What is 38 (base 14) in base 5?
200
What is -11001 (base 2) in base 5?
-100
Convert 0 (base 14) to base 11.
0
94 (base 15) to base 2
10001011
Convert 0 (base 7) to base 14.
0
Convert -330 (base 5) to base 7.
-156
-4 (base 10) to base 9
-4
-1 (base 2) to base 7
-1
0 (base 6) to base 13
0
Convert 22 (base 5) to base 15.
c
25 (base 12) to base 6
45
What is -3 (base 8) in base 12?
-3
Convert 64 (base 12) to base 3.
2211
What is -37 (base 8) in base 13?
-25
Convert -9 (base 11) to base 16.
-9
Convert 1 (base 7) to base 8.
1
What is 2 (base 13) in base 5?
2
What is 55 (base 12) in base 7?
122
13 (base 5) to base 11
8
What is 137 (base 13) in base 2?
11010111
Convert 4 (base 8) to base 14.
4
Convert -2 (base 15) to base 11.
-2
92 (base 15) to base 10
137
-1 (base 11) to base 7
-1
What is 49 (base 13) in base 14?
45
What is 2 (base 4) in base 13?
2
What is 236 (base 8) in base 5?
1113
What is 3 (base 12) in base 16?
3
Convert 0 (base 12) to base 16.
0
36 (base 10) to base 9
40
29 (base 10) to base 14
21
223 (base 4) to base 16
2b
What is -4 (base 11) in base 5?
-4
-30 (base 5) to base 10
-15
Convert 2111 (base 3) to base 13.
52
1 (base 13) to base 11
1
-249 (base 11) to base 9
-357
What is -23 (base 8) in base 14?
-15
What is 19 (base 10) in base 12?
17
Convert 432 (base 7) to base 4.
3123
4 (base 8) to base 14
4
What is -10 (base 3) in base 2?
-11
20 (base 3) to base 6
10
6 (base 9) to base 10
6
What is -4 (base 7) in base 3?
-11
-100011110 (base 2) to base 15
-141
121 (base 6) to base 13
3a
Convert -2 (base 10) to base 11.
-2
431 (base 5) to base 9
138
-1 (base 2) to base 7
-1
2221 (base 3) to base 4
1033
Convert 1210 (base 3) to base 12.
40
Convert 8 (base 14) to base 2.
1000
216 (base 9) to base 7
342
Convert 139 (base 12) to base 7.
360
Convert -1 (base 2) to base 4.
-1
Convert 5 (base 16) to base 10.
5
10 (base 8) to base 14
8
Convert -1 (base 8) to base 11.
-1
Convert 20 (base 11) to base 16.
16
Convert -11 (base 9) to base 11.
-a
Convert -3b (base 16) to base 7.
-113
Convert 1213 (base 5) to base 10.
183
What is -1312 (base 4) in base 12?
-9a
What is 213 (base 12) in base 15?
153
6a (base 12) to base 16
52
Convert 1 (base 16) to base 14.
1
Convert 51 (base 15) to base 6.
204
What is 32 (base 5) in base 14?
13
Convert -13 (base 11) to base 13.
-11
Convert 11 (base 3) to base 8.
4
What is -23 (base 8) in base 3?
-201
Convert 4 (base 16) to base 5.
4
What is 43 (base 10) in base 12?
37
What is -4 (base 6) in base 16?
-4
Convert 0 (base 4) to base 14.
0
Convert -110 (base 2) to base 10.
-6
2 (base 4) to base 8
2
What is 36 (base 8) in base 6?
50
What is 0 (base 15) in base 4?
0
What is 400 (base 5) in base 6?
244
122 (base 14) to base 9
271
Convert 1 (base 3) to base 7.
1
Convert -1b (base 13) to base 9.
-26
-22120 (base 3) to base 16
-e7
Convert -1022 (base 3) to base 12.
-2b
What is -26 (base 13) in base 14?
-24
What is -12 (base 4) in base 9?
-6
Convert -10 (base 7) to base 10.
-7
What is -11 (base 3) in base 14?
-4
What is -3 (base 16) in base 7?
-3
What is -29 (base 14) in base 7?
-52
-39 (base 15) to base 4
-312
Convert -1233 (base 4) to base 16.
-6f
Convert 33 (base 8) to base 9.
30
-3 (base 14) to base 8
-3
Convert 1123 (base 4) to base 11.
83
230 (base 4) to base 9
48
-2 (base 5) to base 15
-2
What is -1411 (base 5) in base 3?
-22120
What is -44 (base 6) in base 7?
-40
2220 (base 3) to base 11
71
What is 3 (base 11) in base 2?
11
What is -5 (base 6) in base 13?
-5
Convert 41 (base 5) to base 16.
15
What is -3 (base 10) in base 14?
-3
Convert 1 (base 3) to base 10.
1
Convert 0 (base 10) to base 6.
0
What is 21 (base 5) in base 7?
14
Convert -512 (base 6) to base 7.
-356
What is -33 (base 4) in base 8?
-17
1330 (base 4) to base 9
147
-45 (base 8) to base 7
-52
What is 211 (base 3) in base 15?
17
-10001100 (base 2) to base 7
-260
Convert -43 (base 15) to base 9.
-70
What is 25 (base 8) in base 14?
17
What is -42 (base 9) in base 15?
-28
Convert 3 (base 16) to base 12.
3
Convert -3 (base 9) to base 6.
-3
What is -30 (base 4) in base 15?
-c
Convert 4 (base 15) to base 2.
100
What is -100 (base 5) in base 10?
-25
-330 (base 4) to base 9
-66
What is -cb (base 13) in base 16?
-a7
Convert -1 (base 13) to base 5.
-1
Convert 0 (base 14) to base 4.
0
Convert 3 (base 13) to base 15.
3
Convert 24 (base 6) to base 4.
100
-5 (base 16) to base 3
-12
Convert -102 (base 7) to base 5.
-201
Convert 6 (base 8) to base 3.
20
20 (base 3) to base 5
11
What is 2 (base 16) in base 13?
2
What is -10 (base 14) in base 2?
-1110
What is -27 (base 16) in base 7?
-54
Convert -1000 (base 2) to base 8.
-10
What is 1 (base 9) in base 7?
1
Convert 3 (base 6) to base 9.
3
Convert -1304 (base 5) to base 10.
-204
Convert -255 (base 6) to base 5.
-412
Convert 3 (base 6) to base 5.
3
Convert 122 (base 7) to base 9.
72
What is 5 (base 14) in base 8?
5
What is -9 (base 15) in base 14?
-9
Convert 3 (base 15) to base 9.
3
What is 101 (